110001
In base 6, what is -103024 + 353411?
250343
In base 16, what is 327 + -70c90?
-70969
In base 14, what is 170d - 34886?
-33177
In base 13, what is 1 + -5ba54bb?
-5ba54ba
In base 7, what is -230100264 + 1?
-230100263
In base 4, what is 3 + -200131033221?
-200131033212
In base 2, what is -11001 - 1001101100011001001?
-1001101100011100010
In base 7, what is 16565625 - 1063?
16564532
In base 5, what is 1423113112 + -120?
1423112442
In base 9, what is 1282 - -35032?
36324
In base 5, what is 1 - -3433320312?
3433320313
In base 16, what is -1ad0f - -2ef?
-1aa20
In base 15, what is 16bd11 - 9?
16bd07
In base 13, what is 2394037 - -25?
239405c
In base 4, what is -10221112102312 + -1?
-10221112102313
In base 9, what is -37851 - 4677?
-43638
In base 10, what is 16586040 + 0?
16586040
In base 11, what is 355 + -33197?
-32942
In base 7, what is 46 - -1642365?
1642444
In base 2, what is -11 + -100011111111111110011001001?
-100011111111111110011001100
In base 13, what is 387 - 6024?
-596a
In base 10, what is 6 - -179355828?
179355834
In base 16, what is -2 - 1d0871?
-1d0873
In base 9, what is -61573605 + -4?
-61573610
In base 6, what is 1523543412 - 1?
1523543411
In base 2, what is -101 + 10101111000110000011111?
10101111000110000011010
In base 6, what is -244411510503 + 0?
-244411510503
In base 2, what is 110010001000000101011 + 11?
110010001000000101110
In base 8, what is 1 - -310402442?
310402443
In base 5, what is -110041231 + 4334?
-110031342
In base 8, what is 10427427213 + 4?
10427427217
In base 3, what is 10000211 - 1220102000?
-1210101012
In base 2, what is -11011 + 10100001110000001001?
10100001101111101110
In base 10, what is -1 + 153247446?
153247445
In base 8, what is -117231012 - 4?
-117231016
In base 16, what is -a - -188e32?
188e28
In base 5, what is -2 - 322301223320?
-322301223322
In base 12, what is 2 + 920867?
920869
In base 7, what is 2120420 + 4234?
2124654
In base 2, what is -1010010100000 - 100100011010?
-1110110111010
In base 6, what is 2044520 + 142?
2045102
In base 2, what is -100000011011100100 + 111?
-100000011011011101
In base 10, what is -272 - -113548?
113276
In base 12, what is -a5143 - 665?
-a57a8
In base 8, what is 0 - 2144515?
-2144515
In base 15, what is 115b - -991?
1aec
In base 8, what is 2246430 - 7?
2246421
In base 11, what is 601320 + -39?
601292
In base 15, what is -b40 - -1ed?
-942
In base 4, what is -1203101 - 101220?
-1310321
In base 16, what is 3 - -2b72cc6?
2b72cc9
In base 4, what is -23222121 - -122201?
-23033320
In base 5, what is -12204 + -322103?
-334312
In base 11, what is 24862 - -470a?
29471
In base 9, what is -71 + -1750215?
-1750286
In base 12, what is -190b4 - -31b0?
-15b04
In base 11, what is 1 - 3a272307?
-3a272306
In base 16, what is 287a2b - -29?
287a54
In base 9, what is 20 - 833787?
-833767
In base 9, what is 18 + 1728866?
1728885
In base 15, what is -a19d - -539?
-9b64
In base 15, what is 0 + 1aa4b83?
1aa4b83
In base 9, what is -4 + 212128610?
212128605
In base 7, what is 3263 + -15005?
-11412
In base 6, what is -21 + 144115000?
144114535
In base 11, what is 54486a3 + -16?
5448688
In base 13, what is -6 - -6b7374a?
6b73744
In base 10, what is -12466 - 125620?
-138086
In base 7, what is -4 - 152461324?
-152461331
In base 14, what is -d530 + 3583?
-9d8b
In base 4, what is 20110210132 + 121?
20110210313
In base 2, what is -10 + 110111100000011010110?
110111100000011010100
In base 15, what is 2 - -12a39aa?
12a39ac
In base 15, what is 60967 + 2a9?
60c21
In base 13, what is -17653 + -60?
-176b3
In base 4, what is -32130 + 1033001?
1000211
In base 7, what is -14434103 - -503?
-14433300
In base 3, what is 2 + 2011101000101211?
2011101000101220
In base 16, what is -2fb9c1 + 1d?
-2fb9a4
In base 14, what is -492165d - 4?
-4921663
In base 9, what is -2 - -6251857?
6251855
In base 11, what is 8535a + -245?
85115
In base 3, what is -22222221 - -100121002?
121011
In base 15, what is -37ea6 + -c?
-37eb3
In base 13, what is 87a299c + 5?
87a29a4
In base 15, what is -4e4c8b - -4?
-4e4c87
In base 13, what is 19 - 520926?
-52090a
In base 6, what is 10534 + -2112010?
-2101032
In base 16, what is 9da + 4602?
4fdc
In base 15, what is d2 + 7e85?
8067
In base 15, what is -12cc380 - 29?
-12cc3a9
In base 5, what is 2234 + 113031400?
113034134
In base 15, what is -3d6082e - 4?
-3d60833
In base 8, what is 1173 + 666?
2061
In base 5, what is -432 + -2322044?
-2323031
In base 12, what is 1 - -1189416?
1189417
In base 11, what is -5 + 1195a79a?
1195a795
In base 4, what is 33223330020 - 3131?
33223320223
In base 11, what is -18a0 - -3031?
1241
In base 16, what is -20 - 331b2?
-331d2
In base 6, what is -1 - 40043434302?
-40043434303
In base 6, what is 0 + 232142351?
232142351
In base 16, what is 39 - 2924d?
-29214
In base 9, what is -228887234 - -4?
-228887230
In base 16, what is -345 + -1bf?
-504
In base 13, what is 542a37 - 22?
542a15
In base 8, what is -6 - -11630601?
11630573
In base 9, what is -1063234 - 11?
-1063245
In base 15, what is -548 - -12343c?
122de4
In base 15, what is b67 + d20?
1987
In base 8, what is -666556136 - -3?
-666556133
In base 15, what is -b - 100826?
-100832
In base 3, what is 2 + -22102000222222002?
-22102000222222000
In base 3, what is -2001120102 + 1102100?
-2000011002
In base 12, what is 5 + -65b480?
-65b477
In base 6, what is -2310345 + 513?
-2305432
In base 13, what is b742476 - -5?
b74247b
In base 4, what is 3 + -2231120100021?
-2231120100012
In base 3, what is 212101022120 + 1201?
212101101021
In base 15, what is -23842 - 33?
-23875
In base 16, what is 75f41 - -54?
75f95
In base 4, what is -13211 + 12301030?
12221213
In base 7, what is -6 + 34325501?
34325462
In base 16, what is 241e92 + 80?
241f12
In base 3, what is 1202112 + -11020211?
-2111022
In base 2, what is 11011101100 + -1000010011011110?
-111110111110010
In base 2, what is 101010 - 10000101100001111?
-10000101011100101
In base 10, what is -20521160 - 4?
-20521164
In base 3, what is 1211102222 + -222010?
1210110212
In base 5, what is -241 + -1432113?
-1432404
In base 5, what is -1040224 + 132242?
-402432
In base 4, what is 0 - -3023212002023?
3023212002023
In base 14, what is -3c - -831?
7d3
In base 16, what is -2fc + 447d0?
444d4
In base 4, what is -101101021 + 1001?
-101100020
In base 2, what is 10001111 + -100110011101100101011?
-100110011101010011100
In base 7, what is 55205 + 142?
55350
In base 8, what is -12416671 - -6?
-12416663
In base 9, what is -566 - 436625?
-437302
In base 9, what is 1311 + 2221?
3532
In base 2, what is 10 - 10111011010001001110?
-10111011010001001100
In base 5, what is 231 - -42242102?
42242333
In base 12, what is 1410a20 - -b?
1410a2b
In base 10, what is 9 + 45276?
45285
In base 5, what is 1 + 12221410403?
12221410404
In base 6, what is 102503 - 2155?
100304
In base 7, what is -22622151 + -6?
-22622160
In base 5, what is -42 + -303330?
-303422
In base 2, what is 100111011 + -1010101111110100110?
-1010101111001101011
In base 12, what is 5 - -1aa49b76?
1aa49b7b
In base 7, what is 6503335 - 56?
6503246
In base 2, what is -10010110100000001001111101 + -1000?
-10010110100000001010000101
In base 12, what is -3a89 - -129b?
-27aa
In base 10, what is 674668 - 0?
674668
In base 15, what is 2210e3 - -64?
221157
In base 2, what is 11001101011001 - 10111010110100?
10010100101
In base 9, what is 145 - 1764117?
-1763862
In base 12, what is 1 - 62597a8a?
-62597a89
In base 5, what is 143 + 33421301?
33421444
In base 11, what is -9 + -73a721?
-73a72a
In base 3, what is -1200112220 + -1101012?
-1201221002
In base 7, what is -41 + -136506655?
-136510026
In base 3, what is -10012120222022110 - 12?
-10012120222022122
In base 2, what is 111100010 + -11001110001000011?
-11001101001100001
In base 4, what is 2 + 213311011022?
213311011030
In base 13, what is -5826863 - -b?
-5826855
In base 7, what is -450335 + 21?
-450314
In base 7, what is 165142 + 231?
165403
In base 13, what is 7b1c - 3b80?
3c6c
In base 14, what is -1474 - -159?
-1319
In base 6, what is -4552 - -1054131?
1045135
In base 5, what is 10 - -11304020043?
11304020103
In base 10, what is 3 - -3159075?
3159078
In base 9, what is 1038 + -123500?
-122451
In base 9, what is 6165 - -18353?
25528
In base 9, what is 373 - -18282?
18665
In base 4, what is 10121 - 